{"id":2173,"date":"2025-09-22T17:15:28","date_gmt":"2025-09-22T20:15:28","guid":{"rendered":"https:\/\/insertcode.cl\/?page_id=2173"},"modified":"2025-12-12T12:33:49","modified_gmt":"2025-12-12T15:33:49","slug":"crm","status":"publish","type":"page","link":"https:\/\/insertcode.cl\/?page_id=2173","title":{"rendered":"crm"},"content":{"rendered":"\n<figure class=\"wp-block-image aligncenter size-large is-resized\"><img loading=\"lazy\" decoding=\"async\" width=\"1024\" height=\"446\" src=\"https:\/\/insertcode.cl\/wp-content\/uploads\/2025\/12\/logo-crm-1-1024x446.png\" alt=\"\" class=\"wp-image-2229\" style=\"width:324px;height:auto\" srcset=\"https:\/\/insertcode.cl\/wp-content\/uploads\/2025\/12\/logo-crm-1-1024x446.png 1024w, https:\/\/insertcode.cl\/wp-content\/uploads\/2025\/12\/logo-crm-1-300x131.png 300w, https:\/\/insertcode.cl\/wp-content\/uploads\/2025\/12\/logo-crm-1-768x334.png 768w, https:\/\/insertcode.cl\/wp-content\/uploads\/2025\/12\/logo-crm-1.png 1280w\" sizes=\"auto, (max-width: 1024px) 100vw, 1024px\" \/><\/figure>\n\n\n\n<div style=\"height:18px\" aria-hidden=\"true\" class=\"wp-block-spacer\"><\/div>\n\n\n\n<figure class=\"wp-block-embed is-type-video is-provider-youtube wp-block-embed-youtube wp-embed-aspect-16-9 wp-has-aspect-ratio\"><div class=\"wp-block-embed__wrapper\">\n<iframe loading=\"lazy\" title=\"CRM Presentaci\u00f3n\" width=\"500\" height=\"281\" src=\"https:\/\/www.youtube.com\/embed\/XU6QZAw5Dfo?feature=oembed\" frameborder=\"0\" allow=\"accelerometer; autoplay; clipboard-write; encrypted-media; gyroscope; picture-in-picture; web-share\" referrerpolicy=\"strict-origin-when-cross-origin\" allowfullscreen><\/iframe>\n<\/div><\/figure>\n\n\n\n<div class=\"wp-block-buttons is-content-justification-center is-layout-flex wp-container-core-buttons-is-layout-a89b3969 wp-block-buttons-is-layout-flex\">\n<div class=\"wp-block-button is-style-fill\"><a class=\"wp-block-button__link has-base-color has-text-color has-background has-link-color has-text-align-center wp-element-button\" href=\"https:\/\/crmventas.desarrollos.cloud\/admin\/login\" style=\"background-color:#073ee3\">Ver Demo<\/a><\/div>\n<\/div>\n\n\n\n<div style=\"height:44px\" aria-hidden=\"true\" class=\"wp-block-spacer\"><\/div>\n\n\n\n<div class=\"wp-block-columns is-layout-flex wp-container-core-columns-is-layout-28f84493 wp-block-columns-is-layout-flex\">\n<div class=\"wp-block-column is-layout-flow wp-block-column-is-layout-flow\" style=\"flex-basis:33.33%\">\n<p>Login F\u00e1cil para CRM ofrece un acceso r\u00e1pido y sin fricciones, permitiendo a los usuarios ingresar en segundos.<br>Su autenticaci\u00f3n segura protege la informaci\u00f3n sensible y mantiene la plataforma confiable.<br>La interfaz intuitiva facilita el uso incluso para quienes no son expertos en tecnolog\u00eda.<br>En conjunto, mejora la eficiencia del equipo al reducir tiempos de entrada y aumentar la productividad.<\/p>\n<\/div>\n\n\n\n<div class=\"wp-block-column is-layout-flow wp-block-column-is-layout-flow\" style=\"flex-basis:66.66%\">\n<figure class=\"wp-block-image size-large\"><img loading=\"lazy\" decoding=\"async\" width=\"1024\" height=\"576\" src=\"https:\/\/insertcode.cl\/wp-content\/uploads\/2025\/12\/Purple-and-Black-Gradient-Marketing-Presentation-1024x576.png\" alt=\"\" class=\"wp-image-2409\" srcset=\"https:\/\/insertcode.cl\/wp-content\/uploads\/2025\/12\/Purple-and-Black-Gradient-Marketing-Presentation-1024x576.png 1024w, https:\/\/insertcode.cl\/wp-content\/uploads\/2025\/12\/Purple-and-Black-Gradient-Marketing-Presentation-300x169.png 300w, https:\/\/insertcode.cl\/wp-content\/uploads\/2025\/12\/Purple-and-Black-Gradient-Marketing-Presentation-768x432.png 768w, https:\/\/insertcode.cl\/wp-content\/uploads\/2025\/12\/Purple-and-Black-Gradient-Marketing-Presentation-1536x864.png 1536w, https:\/\/insertcode.cl\/wp-content\/uploads\/2025\/12\/Purple-and-Black-Gradient-Marketing-Presentation.png 1920w\" sizes=\"auto, (max-width: 1024px) 100vw, 1024px\" \/><\/figure>\n<\/div>\n<\/div>\n\n\n\n<div style=\"height:41px\" aria-hidden=\"true\" class=\"wp-block-spacer\"><\/div>\n\n\n\n<div class=\"wp-block-columns is-layout-flex wp-container-core-columns-is-layout-28f84493 wp-block-columns-is-layout-flex\">\n<div class=\"wp-block-column is-layout-flow wp-block-column-is-layout-flow\" style=\"flex-basis:33.33%\">\n<p>El <strong>m\u00f3dulo de CRM<\/strong> permite gestionar de forma integral la relaci\u00f3n con clientes y prospectos, centralizando la informaci\u00f3n de contacto, historial de interacciones y oportunidades de negocio. Facilita el seguimiento de leads, recordatorios de gesti\u00f3n y la integraci\u00f3n con cotizaciones y ventas, optimizando los procesos comerciales. Gracias a su enfoque en la <strong>contactabilidad y fidelizaci\u00f3n<\/strong>, ayuda a mejorar la atenci\u00f3n, fortalecer v\u00ednculos y aumentar las probabilidades de cierre de negocios.<\/p>\n<\/div>\n\n\n\n<div class=\"wp-block-column is-layout-flow wp-block-column-is-layout-flow\" style=\"flex-basis:66.66%\">\n<figure class=\"wp-block-image size-large\"><img loading=\"lazy\" decoding=\"async\" width=\"1024\" height=\"576\" src=\"https:\/\/insertcode.cl\/wp-content\/uploads\/2025\/12\/Purple-and-Black-Gradient-Marketing-Presentation-1-1024x576.png\" alt=\"\" class=\"wp-image-2411\" srcset=\"https:\/\/insertcode.cl\/wp-content\/uploads\/2025\/12\/Purple-and-Black-Gradient-Marketing-Presentation-1-1024x576.png 1024w, https:\/\/insertcode.cl\/wp-content\/uploads\/2025\/12\/Purple-and-Black-Gradient-Marketing-Presentation-1-300x169.png 300w, https:\/\/insertcode.cl\/wp-content\/uploads\/2025\/12\/Purple-and-Black-Gradient-Marketing-Presentation-1-768x432.png 768w, https:\/\/insertcode.cl\/wp-content\/uploads\/2025\/12\/Purple-and-Black-Gradient-Marketing-Presentation-1-1536x864.png 1536w, https:\/\/insertcode.cl\/wp-content\/uploads\/2025\/12\/Purple-and-Black-Gradient-Marketing-Presentation-1.png 1920w\" sizes=\"auto, (max-width: 1024px) 100vw, 1024px\" \/><\/figure>\n<\/div>\n<\/div>\n\n\n\n<div style=\"height:41px\" aria-hidden=\"true\" class=\"wp-block-spacer\"><\/div>\n\n\n\n<div class=\"wp-block-columns is-layout-flex wp-container-core-columns-is-layout-28f84493 wp-block-columns-is-layout-flex\">\n<div class=\"wp-block-column is-layout-flow wp-block-column-is-layout-flow\" style=\"flex-basis:33.33%\">\n<p>El sistema simplifica el proceso comercial al permitir la <strong>creaci\u00f3n r\u00e1pida de cotizaciones una vez que un lead es aceptado<\/strong>. Con un solo clic, la informaci\u00f3n del contacto y sus requerimientos se transfieren autom\u00e1ticamente al m\u00f3dulo de ventas, evitando duplicar datos y reduciendo errores. Esta funcionalidad agiliza la gesti\u00f3n de oportunidades, mejora la eficiencia del equipo comercial y acelera el cierre de negocios.<\/p>\n<\/div>\n\n\n\n<div class=\"wp-block-column is-layout-flow wp-block-column-is-layout-flow\" style=\"flex-basis:66.66%\">\n<figure class=\"wp-block-image size-large\"><img loading=\"lazy\" decoding=\"async\" width=\"1024\" height=\"576\" src=\"https:\/\/insertcode.cl\/wp-content\/uploads\/2025\/12\/Purple-and-Black-Gradient-Marketing-Presentation-2-1024x576.png\" alt=\"\" class=\"wp-image-2413\" srcset=\"https:\/\/insertcode.cl\/wp-content\/uploads\/2025\/12\/Purple-and-Black-Gradient-Marketing-Presentation-2-1024x576.png 1024w, https:\/\/insertcode.cl\/wp-content\/uploads\/2025\/12\/Purple-and-Black-Gradient-Marketing-Presentation-2-300x169.png 300w, https:\/\/insertcode.cl\/wp-content\/uploads\/2025\/12\/Purple-and-Black-Gradient-Marketing-Presentation-2-768x432.png 768w, https:\/\/insertcode.cl\/wp-content\/uploads\/2025\/12\/Purple-and-Black-Gradient-Marketing-Presentation-2-1536x864.png 1536w, https:\/\/insertcode.cl\/wp-content\/uploads\/2025\/12\/Purple-and-Black-Gradient-Marketing-Presentation-2.png 1920w\" sizes=\"auto, (max-width: 1024px) 100vw, 1024px\" \/><\/figure>\n<\/div>\n<\/div>\n\n\n\n<div class=\"wp-block-columns is-layout-flex wp-container-core-columns-is-layout-28f84493 wp-block-columns-is-layout-flex\">\n<div class=\"wp-block-column is-layout-flow wp-block-column-is-layout-flow\" style=\"flex-basis:33.33%\"><\/div>\n\n\n\n<div class=\"wp-block-column is-layout-flow wp-block-column-is-layout-flow\" style=\"flex-basis:66.66%\">\n<figure class=\"wp-block-image size-large\"><img loading=\"lazy\" decoding=\"async\" width=\"1024\" height=\"537\" src=\"https:\/\/insertcode.cl\/wp-content\/uploads\/2025\/12\/coti-1024x537.png\" alt=\"\" class=\"wp-image-2235\" srcset=\"https:\/\/insertcode.cl\/wp-content\/uploads\/2025\/12\/coti-1024x537.png 1024w, https:\/\/insertcode.cl\/wp-content\/uploads\/2025\/12\/coti-300x157.png 300w, https:\/\/insertcode.cl\/wp-content\/uploads\/2025\/12\/coti-768x403.png 768w, https:\/\/insertcode.cl\/wp-content\/uploads\/2025\/12\/coti-1536x806.png 1536w, https:\/\/insertcode.cl\/wp-content\/uploads\/2025\/12\/coti.png 1908w\" sizes=\"auto, (max-width: 1024px) 100vw, 1024px\" \/><\/figure>\n<\/div>\n<\/div>\n\n\n\n<div class=\"wp-block-columns is-layout-flex wp-container-core-columns-is-layout-28f84493 wp-block-columns-is-layout-flex\">\n<div class=\"wp-block-column is-layout-flow wp-block-column-is-layout-flow\" style=\"flex-basis:33.33%\">\n<p>El sistema permite una <strong>gesti\u00f3n sencilla e intuitiva de leads<\/strong>, centralizando la informaci\u00f3n de cada contacto y su estado dentro del proceso comercial. Cada interacci\u00f3n queda registrada en un <strong>historial de contactabilidad<\/strong>, lo que brinda trazabilidad completa y facilita dar seguimiento oportuno. De esta manera, se optimiza la conversi\u00f3n de prospectos en clientes y se asegura una atenci\u00f3n m\u00e1s personalizada y eficiente.<\/p>\n<\/div>\n\n\n\n<div class=\"wp-block-column is-layout-flow wp-block-column-is-layout-flow\" style=\"flex-basis:66.66%\">\n<figure class=\"wp-block-image size-large\"><img loading=\"lazy\" decoding=\"async\" width=\"1024\" height=\"495\" src=\"https:\/\/insertcode.cl\/wp-content\/uploads\/2025\/12\/aaaaaaaaaaaaa-1024x495.png\" alt=\"\" class=\"wp-image-2236\" srcset=\"https:\/\/insertcode.cl\/wp-content\/uploads\/2025\/12\/aaaaaaaaaaaaa-1024x495.png 1024w, https:\/\/insertcode.cl\/wp-content\/uploads\/2025\/12\/aaaaaaaaaaaaa-300x145.png 300w, https:\/\/insertcode.cl\/wp-content\/uploads\/2025\/12\/aaaaaaaaaaaaa-768x371.png 768w, https:\/\/insertcode.cl\/wp-content\/uploads\/2025\/12\/aaaaaaaaaaaaa-1536x743.png 1536w, https:\/\/insertcode.cl\/wp-content\/uploads\/2025\/12\/aaaaaaaaaaaaa.png 1902w\" sizes=\"auto, (max-width: 1024px) 100vw, 1024px\" \/><\/figure>\n<\/div>\n<\/div>\n","protected":false},"excerpt":{"rendered":"<p>Login F\u00e1cil para CRM ofrece un acceso r\u00e1pido y sin fricciones, permitiendo a los usuarios ingresar en segundos.Su autenticaci\u00f3n segura protege la informaci\u00f3n sensible y mantiene la plataforma confiable.La interfaz intuitiva facilita el uso incluso para quienes no son expertos en tecnolog\u00eda.En conjunto, mejora la eficiencia del equipo al reducir tiempos de entrada y aumentar [&hellip;]<\/p>\n","protected":false},"author":1,"featured_media":0,"parent":0,"menu_order":0,"comment_status":"closed","ping_status":"closed","template":"","meta":{"footnotes":""},"class_list":["post-2173","page","type-page","status-publish","hentry"],"yoast_head":"<!-- This site is optimized with the Yoast SEO plugin v26.3 - https:\/\/yoast.com\/wordpress\/plugins\/seo\/ -->\n<title>crm - InsertCode<\/title>\n<meta name=\"robots\" content=\"index, follow, max-snippet:-1, max-image-preview:large, max-video-preview:-1\" \/>\n<link rel=\"canonical\" href=\"https:\/\/insertcode.cl\/?page_id=2173\" \/>\n<meta property=\"og:locale\" content=\"es_ES\" \/>\n<meta property=\"og:type\" content=\"article\" \/>\n<meta property=\"og:title\" content=\"crm - InsertCode\" \/>\n<meta property=\"og:description\" content=\"Login F\u00e1cil para CRM ofrece un acceso r\u00e1pido y sin fricciones, permitiendo a los usuarios ingresar en segundos.Su autenticaci\u00f3n segura protege la informaci\u00f3n sensible y mantiene la plataforma confiable.La interfaz intuitiva facilita el uso incluso para quienes no son expertos en tecnolog\u00eda.En conjunto, mejora la eficiencia del equipo al reducir tiempos de entrada y aumentar [&hellip;]\" \/>\n<meta property=\"og:url\" content=\"https:\/\/insertcode.cl\/?page_id=2173\" \/>\n<meta property=\"og:site_name\" content=\"InsertCode\" \/>\n<meta property=\"article:modified_time\" content=\"2025-12-12T15:33:49+00:00\" \/>\n<meta property=\"og:image\" content=\"https:\/\/insertcode.cl\/wp-content\/uploads\/2025\/12\/logo-crm-1.png\" \/>\n\t<meta property=\"og:image:width\" content=\"1280\" \/>\n\t<meta property=\"og:image:height\" content=\"557\" \/>\n\t<meta property=\"og:image:type\" content=\"image\/png\" \/>\n<meta name=\"twitter:card\" content=\"summary_large_image\" \/>\n<meta name=\"twitter:label1\" content=\"Tiempo estimado de lectura\" \/>\n\t<meta name=\"twitter:data1\" content=\"3 minutos\" \/>\n<script type=\"application\/ld+json\" class=\"yoast-schema-graph\">{\"@context\":\"https:\/\/schema.org\",\"@graph\":[{\"@type\":\"WebPage\",\"@id\":\"https:\/\/insertcode.cl\/?page_id=2173\",\"url\":\"https:\/\/insertcode.cl\/?page_id=2173\",\"name\":\"crm - InsertCode\",\"isPartOf\":{\"@id\":\"https:\/\/insertcode.cl\/#website\"},\"primaryImageOfPage\":{\"@id\":\"https:\/\/insertcode.cl\/?page_id=2173#primaryimage\"},\"image\":{\"@id\":\"https:\/\/insertcode.cl\/?page_id=2173#primaryimage\"},\"thumbnailUrl\":\"https:\/\/insertcode.cl\/wp-content\/uploads\/2025\/12\/logo-crm-1-1024x446.png\",\"datePublished\":\"2025-09-22T20:15:28+00:00\",\"dateModified\":\"2025-12-12T15:33:49+00:00\",\"breadcrumb\":{\"@id\":\"https:\/\/insertcode.cl\/?page_id=2173#breadcrumb\"},\"inLanguage\":\"es-CL\",\"potentialAction\":[{\"@type\":\"ReadAction\",\"target\":[\"https:\/\/insertcode.cl\/?page_id=2173\"]}]},{\"@type\":\"ImageObject\",\"inLanguage\":\"es-CL\",\"@id\":\"https:\/\/insertcode.cl\/?page_id=2173#primaryimage\",\"url\":\"https:\/\/insertcode.cl\/wp-content\/uploads\/2025\/12\/logo-crm-1.png\",\"contentUrl\":\"https:\/\/insertcode.cl\/wp-content\/uploads\/2025\/12\/logo-crm-1.png\",\"width\":1280,\"height\":557},{\"@type\":\"BreadcrumbList\",\"@id\":\"https:\/\/insertcode.cl\/?page_id=2173#breadcrumb\",\"itemListElement\":[{\"@type\":\"ListItem\",\"position\":1,\"name\":\"Portada\",\"item\":\"https:\/\/insertcode.cl\/\"},{\"@type\":\"ListItem\",\"position\":2,\"name\":\"crm\"}]},{\"@type\":\"WebSite\",\"@id\":\"https:\/\/insertcode.cl\/#website\",\"url\":\"https:\/\/insertcode.cl\/\",\"name\":\"InsertCode\",\"description\":\"Soluciones Tecnol\u00f3gicas\",\"publisher\":{\"@id\":\"https:\/\/insertcode.cl\/#organization\"},\"potentialAction\":[{\"@type\":\"SearchAction\",\"target\":{\"@type\":\"EntryPoint\",\"urlTemplate\":\"https:\/\/insertcode.cl\/?s={search_term_string}\"},\"query-input\":{\"@type\":\"PropertyValueSpecification\",\"valueRequired\":true,\"valueName\":\"search_term_string\"}}],\"inLanguage\":\"es-CL\"},{\"@type\":\"Organization\",\"@id\":\"https:\/\/insertcode.cl\/#organization\",\"name\":\"InsertCode\",\"url\":\"https:\/\/insertcode.cl\/\",\"logo\":{\"@type\":\"ImageObject\",\"inLanguage\":\"es-CL\",\"@id\":\"https:\/\/insertcode.cl\/#\/schema\/logo\/image\/\",\"url\":\"https:\/\/insertcode.cl\/wp-content\/uploads\/2025\/09\/cropped-Imagen-de-WhatsApp-2025-03-19-a-las-09.35.31_9811f8ed-1.jpg\",\"contentUrl\":\"https:\/\/insertcode.cl\/wp-content\/uploads\/2025\/09\/cropped-Imagen-de-WhatsApp-2025-03-19-a-las-09.35.31_9811f8ed-1.jpg\",\"width\":512,\"height\":512,\"caption\":\"InsertCode\"},\"image\":{\"@id\":\"https:\/\/insertcode.cl\/#\/schema\/logo\/image\/\"}}]}<\/script>\n<!-- \/ Yoast SEO plugin. -->","yoast_head_json":{"title":"crm - InsertCode","robots":{"index":"index","follow":"follow","max-snippet":"max-snippet:-1","max-image-preview":"max-image-preview:large","max-video-preview":"max-video-preview:-1"},"canonical":"https:\/\/insertcode.cl\/?page_id=2173","og_locale":"es_ES","og_type":"article","og_title":"crm - InsertCode","og_description":"Login F\u00e1cil para CRM ofrece un acceso r\u00e1pido y sin fricciones, permitiendo a los usuarios ingresar en segundos.Su autenticaci\u00f3n segura protege la informaci\u00f3n sensible y mantiene la plataforma confiable.La interfaz intuitiva facilita el uso incluso para quienes no son expertos en tecnolog\u00eda.En conjunto, mejora la eficiencia del equipo al reducir tiempos de entrada y aumentar [&hellip;]","og_url":"https:\/\/insertcode.cl\/?page_id=2173","og_site_name":"InsertCode","article_modified_time":"2025-12-12T15:33:49+00:00","og_image":[{"width":1280,"height":557,"url":"https:\/\/insertcode.cl\/wp-content\/uploads\/2025\/12\/logo-crm-1.png","type":"image\/png"}],"twitter_card":"summary_large_image","twitter_misc":{"Tiempo estimado de lectura":"3 minutos"},"schema":{"@context":"https:\/\/schema.org","@graph":[{"@type":"WebPage","@id":"https:\/\/insertcode.cl\/?page_id=2173","url":"https:\/\/insertcode.cl\/?page_id=2173","name":"crm - InsertCode","isPartOf":{"@id":"https:\/\/insertcode.cl\/#website"},"primaryImageOfPage":{"@id":"https:\/\/insertcode.cl\/?page_id=2173#primaryimage"},"image":{"@id":"https:\/\/insertcode.cl\/?page_id=2173#primaryimage"},"thumbnailUrl":"https:\/\/insertcode.cl\/wp-content\/uploads\/2025\/12\/logo-crm-1-1024x446.png","datePublished":"2025-09-22T20:15:28+00:00","dateModified":"2025-12-12T15:33:49+00:00","breadcrumb":{"@id":"https:\/\/insertcode.cl\/?page_id=2173#breadcrumb"},"inLanguage":"es-CL","potentialAction":[{"@type":"ReadAction","target":["https:\/\/insertcode.cl\/?page_id=2173"]}]},{"@type":"ImageObject","inLanguage":"es-CL","@id":"https:\/\/insertcode.cl\/?page_id=2173#primaryimage","url":"https:\/\/insertcode.cl\/wp-content\/uploads\/2025\/12\/logo-crm-1.png","contentUrl":"https:\/\/insertcode.cl\/wp-content\/uploads\/2025\/12\/logo-crm-1.png","width":1280,"height":557},{"@type":"BreadcrumbList","@id":"https:\/\/insertcode.cl\/?page_id=2173#breadcrumb","itemListElement":[{"@type":"ListItem","position":1,"name":"Portada","item":"https:\/\/insertcode.cl\/"},{"@type":"ListItem","position":2,"name":"crm"}]},{"@type":"WebSite","@id":"https:\/\/insertcode.cl\/#website","url":"https:\/\/insertcode.cl\/","name":"InsertCode","description":"Soluciones Tecnol\u00f3gicas","publisher":{"@id":"https:\/\/insertcode.cl\/#organization"},"potentialAction":[{"@type":"SearchAction","target":{"@type":"EntryPoint","urlTemplate":"https:\/\/insertcode.cl\/?s={search_term_string}"},"query-input":{"@type":"PropertyValueSpecification","valueRequired":true,"valueName":"search_term_string"}}],"inLanguage":"es-CL"},{"@type":"Organization","@id":"https:\/\/insertcode.cl\/#organization","name":"InsertCode","url":"https:\/\/insertcode.cl\/","logo":{"@type":"ImageObject","inLanguage":"es-CL","@id":"https:\/\/insertcode.cl\/#\/schema\/logo\/image\/","url":"https:\/\/insertcode.cl\/wp-content\/uploads\/2025\/09\/cropped-Imagen-de-WhatsApp-2025-03-19-a-las-09.35.31_9811f8ed-1.jpg","contentUrl":"https:\/\/insertcode.cl\/wp-content\/uploads\/2025\/09\/cropped-Imagen-de-WhatsApp-2025-03-19-a-las-09.35.31_9811f8ed-1.jpg","width":512,"height":512,"caption":"InsertCode"},"image":{"@id":"https:\/\/insertcode.cl\/#\/schema\/logo\/image\/"}}]}},"_links":{"self":[{"href":"https:\/\/insertcode.cl\/index.php?rest_route=\/wp\/v2\/pages\/2173","targetHints":{"allow":["GET"]}}],"collection":[{"href":"https:\/\/insertcode.cl\/index.php?rest_route=\/wp\/v2\/pages"}],"about":[{"href":"https:\/\/insertcode.cl\/index.php?rest_route=\/wp\/v2\/types\/page"}],"author":[{"embeddable":true,"href":"https:\/\/insertcode.cl\/index.php?rest_route=\/wp\/v2\/users\/1"}],"replies":[{"embeddable":true,"href":"https:\/\/insertcode.cl\/index.php?rest_route=%2Fwp%2Fv2%2Fcomments&post=2173"}],"version-history":[{"count":8,"href":"https:\/\/insertcode.cl\/index.php?rest_route=\/wp\/v2\/pages\/2173\/revisions"}],"predecessor-version":[{"id":2452,"href":"https:\/\/insertcode.cl\/index.php?rest_route=\/wp\/v2\/pages\/2173\/revisions\/2452"}],"wp:attachment":[{"href":"https:\/\/insertcode.cl\/index.php?rest_route=%2Fwp%2Fv2%2Fmedia&parent=2173"}],"curies":[{"name":"wp","href":"https:\/\/api.w.org\/{rel}","templated":true}]}}